8 = 0. Let l be s(g). Calculate i(l).
10
Let q(g) = 37*g**3 + 35*g**2 + 9*g + 79. Let l(r) = -21*r**3 - 17*r**2 - 5*r - 40. Let n(u) = 7*l(u) + 4*q(u). Determine n(-21).
15
Let t(c) = -c**2 - 4*c + 5. Let u(o) = o**2 + 4*o - 6. Let h(z) = 5*t(z) + 4*u(z). Let b = 236 + -239. Determine h(b).
4
Let q(a) = -28*a - 29. Suppose -15*l - 16 = 6 - 7. Calculate q(l).
-1
Let i(h) = h**3 - 4*h**2 - h + 1. Let z = -276 - -297. Suppose -4*s = -j - 12, -2*j + z*s = 25*s - 24. Give i(j).
-3
Let s(r) = r**3 - r**2 + 1. Let i(f) = -f**2 - f - 1. Let a(g) = -i(g) - s(g). Let x(h) = -70*h**2 - 203*h + 24. Let b be x(-3). What is a(b)?
-6
Let y be (3/2)/(1968/(-6560)). Let n(c) = -2*c + 0 - 3*c - 2. Give n(y).
23
Let p(y) be the third derivative of -y**5/30 - y**4/8 + 2*y**3/3 - 4*y**2. Let t = 12321 - 12324. Calculate p(t).
-5
Suppose -20*j + 3 + 277 = 0. Suppose 5*s + u = 52, 5*s - j = 4*s + u. Let g(f) = -3*f**2 + 2*f**2 + 6 + 0*f**2 + 11*f. Calculate g(s).
6
Let z = 121 + -58. Suppose 6*x + 3*x = z. Let g be 0*(-3)/(x - 4). Let l(a) = a**2 + a + 10. Determine l(g).
10
Let q(o) = o**2 - 13*o + 10. Suppose -4*h + 42 = 4*l - 526, -3*h + 148 = l. Suppose -209 = -7*g - l. Determine q(g).
-20
Let d = -50 + 52. Let p(x) = x**2 + 3*x + 12. Let j(y) = 3*y**2 + 10*y + 36. Let u(f) = d*j(f) - 7*p(f). Determine u(0).
-12
Let w(s) = -6*s + 11*s**2 - 11*s**3 + 3 - 2*s**3 + 11*s**3. Let x = -823 + 828. What is w(x)?
-2
Let r(u) = 12*u + 12*u**2 - 7 - 3209745*u**3 + 0*u + 3209744*u**3. What is r(13)?
-20
Let b(m) = -10*m**2 - 7*m - 5. Suppose 195 = -108*f + 87. What is b(f)?
-8
Let j(b) be the first derivative of -9*b**2/2 - 60*b - 1515. Give j(-7).
3
Suppose -2*b = -5*u + 25, -8*u + 5 = -3*b - 7*u. Let f(g) = -8*g - 28. What is f(b)?
-28
Let q(j) = 2*j**3 - 21*j**2 - 15*j + 36. Suppose -t + 7*l = -39, 49*t - 54*t + 4*l + 71 = 0. Calculate q(t).
-8
Let v(c) = c**2 + 12*c - 20. Let r(f) = -f**3 + f**2 + 6*f - 4. Let g be r(-3). Suppose -g*n - 234 = 4*n. Give v(n).
-7
Let n(z) = -2147*z**2 + 18*z + 4*z + 2146*z**2. What is n(21)?
21
Let w(j) = 185*j**2 - 53*j - 188. Let q(p) = 278*p**2 - 53*p - 188. Let l(v) = 2*q(v) - 3*w(v). What is l(-49)?
-8
Let x(j) = -2*j**2 + j. Let n = 238 + -233. Let t = -59 - -98. Suppose -n*a = t - 49. Determine x(a).
-6
Let u(w) = 5 - 173*w + 5 + 171*w - 2. Let n = 3 + 4. Calculate u(n).
-6
Let w(x) = -5*x + 65. Let c be 0/3 + 18 - 5. Let n be w(c). Let u(i) = -i**2 + i - 3. Calculate u(n).
-3
Let n(b) be the second derivative of b**5/10 - 7*b**4/12 - 5*b**3/6 + 9*b**2/2 - 4346*b + 3. What is n(4)?
5
Let y(g) = -g**3 - 6*g**2 - 2*g - 8. Let t be y(-6). Let v(m) = 4*m + 34 - m - 33. Let q(j) = 7*j + 1. Let p(c) = t*q(c) - 9*v(c). Determine p(6).
1
Let f(h) be the second derivative of -h**5/20 + 7*h**4/12 - h**3/2 - 9*h**2/2 + 112*h. What is f(7)?
-30
Let k be -1*(3 - 67)/8. Let z(h) = -k*h + 9*h + 12 - 8 - 2*h**2. Calculate z(0).
4
Suppose -3*a - 6 = 2*j, -4*j - 4*a + 0 = 4. Let n(p) = -689*p**2 + j + 347*p**2 - p**3 + 347*p**2 + 7*p. Calculate n(6).
9
Suppose 3*k - 54 = -5*c - k, 72 = 4*c - 4*k. Let s(g) = 11 - 2*g + 12*g + 9 + c*g - g**2. Give s(25).
-5
Let m(r) = -r**3 + 11*r**2 + 5*r - 14. Let q(l) = -5*l**2 - 142*l + 98. Let j be q(-29). Determine m(j).
41
Let g(a) = -a**3 - 9*a**2 + a - 3. Let p be 36/(-126) + 2/7 - 0. Suppose p = -76*o + 57*o - 171. Calculate g(o).
-12
Let g(f) = -f**2 + 5*f + 4. Suppose -3*o + 48 = 12. Suppose 5*z = 7*z - o. Determine g(z).
-2
Let g(x) = -2*x - 5. Suppose 4*l - 5*d + 10 = 1, d + 15 = -2*l. Give g(l).
7
Let z = 314527/60 + -5242. Let l(p) be the third derivative of 3/2*p**3 + 0 - 1/120*p**6 + z*p**5 - 19*p**2 - 5/12*p**4 + 0*p. Determine l(6).
-15
Let y(v) = v + 3. Let u be y(0). Let s(f) = -238 - 3*f**2 + f**u + 3*f + f + 237 - 2*f. Give s(3).
5
Let s(b) = -b + 10. Let u(k) = -2*k - 9. Let p be 3/((36/140)/3). Let q be ((-56)/p)/((-3)/(-15)). Let n be u(q). Calculate s(n).
3
Let b(i) = 17*i - 124*i**2 + 44*i**2 + 35*i**2 + 206 + 44*i**2. Calculate b(25).
6
Let v(p) = -27*p**2 - 31*p**2 - 30*p**2 + 90*p**2 - 5 - 2*p - 4*p**3. Let d(t) = 5*t**3 - 2*t**2 + 3*t + 7. Let r(x) = -5*d(x) - 6*v(x). Give r(-2).
1
Let u(t) = -25*t - 405. Let z(j) = -61*j - 794. Let i(c) = 7*u(c) - 3*z(c). What is i(55)?
-13
Let p(w) be the first derivative of 79 - 1/2*w**2 - 12*w. Determine p(0).
-12
Let b(u) = -17*u + 18. Let p(y) = -6*y + 5. Let f(h) = 2*b(h) - 7*p(h). Suppose 4*r - 6 - 6 = 0. Let t = -4 + r. What is f(t)?
-7
Suppose -52*p + 13*p + 1148 = 125*p. Let w(a) be the first derivative of a**3/3 - 3*a**2 - 10*a + 2. What is w(p)?
-3
Let n(f) = 2*f + 41. Let s be 5/(245/(-28)) - 1197/49. Calculate n(s).
-9
Suppose -11*p = -613 + 580. Let h(v) be the third derivative of -4/3*v**p + 1/60*v**5 + 0 + 1/4*v**4 - 10*v**2 + 0*v. What is h(-8)?
8
Let k(d) = 19*d + 1227. Let q be k(-64). Let a(c) be the first derivative of 1/3*c**3 + 0*c + q - 5/2*c**2. Determine a(6).
6
Suppose -7 = -3*z - 1. Let a(y) = -2*y + 113*y**3 - 114*y**3 - y - 3*y**z - 2. Let x(u) = -2*u + 8. Let j be x(5). Determine a(j).
0
Let q(b) be the second derivative of -b**5/60 + b**4/4 + 5*b**3/6 - 62*b**2 + 2*b - 5. Let h(i) be the first derivative of q(i). What is h(7)?
-2
Let l(d) be the second derivative of 2*d**3 + 9*d**2 - 3877*d. What is l(-9)?
-90
Let l = -344 - -665. Suppose 316*f = l*f + 25. Let j(u) = -u**2 + 5. Calculate j(f).
-20
Let t(z) be the first derivative of z**3/3 + 11*z**2/2 + 23*z - 2555. Give t(-13).
49
Let w(o) = -96*o - 60. Let d(x) = -14*x - 9. Let z be -2*(-5)/(-10)*6. Let f(l) = z*w(l) + 40*d(l). Give f(-1).
-16
Let v(z) = z**3 - z**2 - 3*z - 3. Let c = -10181 + 10180. Determine v(c).
-2
Let b = 16884 + -16876. Let d(q) = -q**2 + 4*q + 3. Let f(l) = -3*l**2 + 13*l + 9. Let r(s) = 11*d(s) - 4*f(s). What is r(b)?
-3
Let b(i) = 149*i**2 + 51*i - 102. Let r(t) = 327*t**2 + 112*t - 224. Let m(x) = -79*b(x) + 36*r(x). Let f be (4/(-5))/((-2)/5). Determine m(f).
4
Let j(m) = 269*m**3 - 5*m + 13 - m**2 - 271*m**3 + 11*m**2 - 4*m**2. Give j(4).
-39
Let l(p) = p**3 - 8*p**2 - 18*p + 16. Let w(h) = 3*h**3 - 23*h**2 - 51*h + 49. Let c(t) = 8*l(t) - 3*w(t). Give c(6).
-1
Suppose 63 = 167*v + 70 - 174. Let q(u) = -5*u**3 - u**2 + u - 1. Let x(t) = -4*t**3 - 2*t**2 + 2*t - 2. Let w(p) = -3*q(p) + 2*x(p). Calculate w(v).
6
Let c(s) = s. Suppose -2*g = -3*r - 36, r - 3*g = 4*r + 21. Let f be (-1 - 0)/5 + (-182)/r. Let x be f/27*(-42)/4. Calculate c(x).
-7
Let c = -3090 + 3089. Let q(r) = -7*r - 5. Give q(c).
2
Let o = -753 + 760. Let f(t) = -4*t + 18. What is f(o)?
-10
Let i be (-56)/(-10) + 16/40. Let g(t) = t**2 - 17*t + 62. Let s be g(i). Let q(v) = v**2 + 2*v - 3. Calculate q(s).
5
Let r(y) = y**2 - y - 6. Suppose 0 = -5*s + 5*u - 50, 2 = -s + 5*u - 28. Determine r(s).
24
Suppose 0 = -12*d - 118 + 94. Let p(q) = 2*q**2 - 2*q - 4. Calculate p(d).
8
Let b(y) = -61*y**3 - y**2 + 2*y + 2. Suppose 10 = -5*f - 5*k, 0 = 2*f + k + 3. Give b(f).
60
Let i be (-10)/65 + 2/13. Let p = 5 + i. Let u(x) = -x**2 + 5*x + 3. Calculate u(p).
3
Suppose 2 = -4*d - 5*q, 5*d = 2*q - q + 12. Let b(o) = 2*o**2 - 4*o + 18 - 3*o - o**d - 9 + 3. What is b(8)?
20
Let n = -12 - -18. Let z(j) = -7*j + j**3 - 2 - 3 - 5*j**2 + 10. Calculate z(n).
-1
Let f be ((-1)/(-3))/(-1) + 1875/225. Suppose z = -10*u + f*u - 3, 4*u - 9 = -5*z. Let h(b) be the first derivative of -b**2/2 + 10*b + 2. Calculate h(z).
5
Suppose 0 = 10*r - 13068 + 12978. Let j(n) = n**3 - 10*n**2 + 6*n + 5. Determine j(r).
-22
Suppose 2*x + 5*b = 6 - 12, -b = -3*x + 25. Let g(s) = 11*s - 15. Let w(j) = -9 + 4*j - 4 + 8. Let i(o) = 3*g(o) - 8*w(o). Determine i(x).
2
Suppose 3*c = -6, -3*p + 78*c - 80*c = 22. Let b(a) be the first derivative of -3*a**2/2 + 8*a + 1. Calculate b(p).
26
Let j(a) = -3*a + 8. Let h(x) = 16*x**3 - x**2 + x + 3. Let r be h(-1). Let t be ((-10)/r)/(1*6/45). Let s be j(t). Let w(p) = -p - 4. Calculate w(s).
3
Suppose -48 = -5*b - l + 3, 0 = -3*l + 3. Suppose -4*z - 5*d = -9*z - 25, z + b = 2*d. Let o(a) = -4 - a**2 + 2*a**2 - a**3 + a - 5 + 3. Determine o(z).
-6
Let p(l) = 5050*l - 5049*l + 10 - 3*l**2 + 4*l**2. Determine p(-3).
16
Let j(n) = n**3 - 6*n**2 - 18*n + 79. Let k be j(7). Let z(s) = -k*s - 142 - 142 + 260. What is z(-11)?
-2
Let r(f) = f - 8*f**2 - 1 - f**3 + 4*f**2 + f**2 + 